50 + 60?
54
What is -17 + (-9 - (-18 + -6 + 1)) + 7?
4
Evaluate 169 - 211 - (-27 - 5).
-10
What is the value of -49 + (9 - -1) - (19 - 39)?
-19
What is the value of (61 - 87) + 5 - (1 - 35)?
13
What is 24 - (-24 - -76) - -48?
20
Calculate 12 - (-33 - (5 - (37 - 25))).
38
Calculate 16 - (7 + -108 - 39) - 30.
126
Calculate -162 - (-184 + 95) - -187.
114
What is the value of 5815 + -5816 + (-7 - -7 - (0 - 1)) + -124?
-124
What is (-457 - -458) + (1 - -67)?
69
Calculate 36 - (50 - (-100 + 96)).
-18
-127 - -5 - (160 + -213)
-69
What is 13 + -11 - -32 - (2 - 2 - (-5 + 2))?
31
Evaluate -70 + 4 + (-12 - (-18 - 3)) - -18.
-39
What is the value of (-8 + 2 + 0 - (109 - 104)) + 20?
9
(-262 - -450 - 149) + 1 + -3
37
What is -9 - 1 - (-3 - 3) - -57?
53
100 - (73 + -21 + -12) - (8 + 3)
49
21 - -97 - (69 + -32) - 32
49
Calculate (9 + (-8 - -10) - 6 - 13) + (-1 - 53).
-62
Evaluate (-7 - -22) + -46 + (-12 - -32).
-11
Evaluate -62 + (-105 + 73 - -142).
48
What is the value of -2 + 15 + 6 + -20 + 12 + -11?
0
-79 - 0 - (1610 - 1668)
-21
What is 5 - ((50 - -19) + -40)?
-24
Evaluate -23 + 46 + (-3 - -12) + -10 + (-9 - -2).
15
What is the value of -28 + -7 + (11 - (9 + -2))?
-31
What is the value of -26 + -28 - -16 - (0 + -4 - (-7 + -13))?
-54
Evaluate (374 - 291) + (-12 - (-2 + 0)).
73
Evaluate 20 + 1 - ((-18 - -18) + 4 - 6).
23
What is (96 - (14 - 12)) + (-7 - (-8 + -6)) - 3?
98
What is the value of -37 - (-39 + 11) - 15?
-24
What is -263 + -54 - -279 - (-12 - 0)?
-26
-918 - -936 - (-6 - (0 + -4))
20
Calculate -34 - (13 - (-49 + 79) - (0 - 8)).
-25
Calculate -27 - (24 + 16 + -45).
-22
Calculate -91 + 99 - -93 - (-1 - -17).
85
Calculate 7 + 2 + 0 + -81 - 12 - (-4 - 0).
-80
What is (35 - 70) + (-4 - (-2 - 3) - (-2 - 3))?
-29
(23 - (-4 + 1) - -8) + -17
17
Calculate (-24 - (11 + 1 + -27)) + -69 + 3.
-75
Evaluate 9 - (-57 - -41 - -36).
-11
Evaluate 1 - -1 - (-72 + 43 + 41).
-10
What is the value of -8 + 24 - 9 - (-4 - -5)?
6
What is the value of -9 - (11 + (4 - (-9 + 22)) + 22) - 13?
-46
What is the value of 2 + (3 - -7) + (-4 - (-10 + -8 - -8))?
18
What is -2 + -7 + -46 + (-991 - -973)?
-73
What is the value of -89 + -41 + -55 + 142?
-43
-58 - 2 - (-23 + 38 - 33)
-42
Evaluate (-1 + -45 - -1) + (47 - 68) + 9 + 12.
-45
Evaluate -50 - (11 - ((14 - 10) + -3 - -10)).
-50
Evaluate 53 + (-72 + -29 - 22).
-70
What is 14 + (4 - 119) + (53 + -93 - -56)?
-85
Calculate -75 - (75 + -74 + 0).
-76
What is the value of (65 - (3 + 0)) + 1955 + -1961?
56
What is (5 - 3 - 2) + 30 + (-121 - -118)?
27
What is the value of 5 - (65 + (-5 - (-30 + 40 - (1 - -4))))?
-50
Calculate -14 + 100 + (-97 - -61).
50
What is the value of -10 - ((9 - 9) + (1 - 29)) - 68?
-50
What is -2 + (11 - (109 + -7) - (-10 - -9))?
-92
What is the value of (-2 - 26) + (1095 - 1109)?
-42
(2 - (-8 + 1)) + -1 - (-175 + 58 - -109)
16
Calculate 65 + (-64 - -95 - 52).
44
-4 + 15 + -685 + 638
-36
Evaluate 1 + -17 - ((704 - 796) + 20 + -2).
58
Calculate -89 - (-94 + 28 + -1).
-22
Calculate (-19 - -48 - 15 - -7) + -3 + -26.
-8
Evaluate -47 + 56 + 2 + -4 + -37 + -1.
-31
Evaluate 23 - (65 - 36) - -34.
28
Calculate 77 + (4 - 13) + (0 - 11).
57
Evaluate (-134 + 89 - 0) + 5 + 1.
-39
What is 8 + (-4 - -7) + 543 + -506?
48
What is the value of (-4295 - -4392) + 2 + -8?
91
What is -121 - (-1 + -31 + 26 + -22)?
-93
What is the value of (6 - (-6 - 2)) + (-6 - (-6 + 107))?
-93
What is -11923 - -11913 - (1 - (-2 + 2) - 4)?
-7
Evaluate (-107 - (8 - 19)) + 60.
-36
Evaluate (49 - 70 - -74) + -44 - (19 - (0 + -1)).
-11
What is the value of 1 + -3 - 1 - (-78 + 69) - -85?
91
19 + (73 + (-8 - -23 - -2) - 6)
103
Calculate 33 + 18 - 29 - (-2 - 1).
25
Evaluate -29 - (-14 - -7) - -18 - 22.
-26
10 + -35 + -13 + 1 + 17 + -31 + 21
-30
What is (-32 - (-8 - 25)) + -45 + 154?
110
What is the value of 282 + -163 - (46 + 12)?
61
Evaluate (-42 - -8 - -113) + (-9 - -11).
81
What is (-128 - (-131 + 49)) + 48?
2
Evaluate -12 - (-17 - 2 - (19 + -30 + -12)).
-16
(-14 - -62 - 11) + -15 + -13
9
Evaluate 14 + -8 + -11 + 27 + -44.
-22
What is the value of -80 + 70 + (2 - -12) + 35 - (-8 + -1)?
48
Evaluate 27 - 30 - (-11 - -16).
-8
Calculate 39 + -75 + 9 + 20.
-7
9 + 11 + 8 + -40
-12
Evaluate 17 + (-69 - (27 - 8)) + (-10 - 0).
-81
Calculate 5 + -5 - 15 - 0 - (-35 - -33).
-13
Evaluate 67 + 844 + -840 + -1 + -7.
63
Calculate (18 - (-61 + 64 - (-2 - 1))) + -16 + -76.
-80
What is the value of 24 + (1 - 17) + 4 + 4 - 23?
-7
What is the value of -29 + (4 - -102 - 21)?
56
What is 74 + (-7 - 5) + (6 - 11) + 5?
62
Calculate -3 + -9 + -4 + 41 + -26 + 40.
39
-6 + 3 - -6 - (-1956 + 1895)
64
What is the value of 4 + 4 - -8 - (63 + -4) - -8?
-35
Evaluate (-736 - -752) + (-2 - 69).
-55
What is -3072 + 3025 + 55 + -1?
7
Evaluate -98 + -10 + -20 + (-32 - -34).
-126
What is (-3 + 6 - 23) + (-179 - 101) + 184?
-116
Calculate -18 + 25 - (31 + -22).
-2
What is -37 + (0 - -10) + 4 - -42?
19
-76 + 119 + 87 + -66
64
What is the value of ((-21 + 7 - -10) + -1 + 1 - -5) + 47?
48
Calculate 195 - 35 - 103 - 130.
-73
Evaluate -349 - -337 - (-49 + 0 + 0).
37
(1 - ((4 - 4) + 5 - 2)) + (130 - 199)
-71
Evaluate -85 - (-122 + 45) - (-32 + -6 + 2).
28
What is (185 + -155 - 24) + 1 + -9?
-2
Calculate -4 - -22 - (112 + 107 + -170).
-31
(-170 - -151) + (-11 + 1 - -10)
-19
Evaluate (-20 + 23 - -13) + 0 + 19.
35
What is 0 + -43 + 1 - (-267 - (-299 + 19))?
-55
Evaluate 37 - 13 - (30 + (17 - 50)).
27
What is 3 + -7 - (5 + (-3 - 10))?
4
(19 - (-48 - -59)) + 13
21
Evaluate 5 + (-3 - -5) + 3 + 17 + 20.
47
What is 4 + -9 - (27 + 36 + -28)?
-40
Calculate -1 - -1 - 14 - (322 + 61 + -497).
100
-71 + (194 + -39 - 190)
-106
What is (-341 - -324 - (-4 - (1 - 7))) + 49?
30
What is the value of (-98 - -88) + (-3 - -119)?
106
Evaluate 38 + -16 + -12 + 40 + (-16 - -7).
41
-2 - -6 - (41 - (16 - -32))
11
Evaluate (-509 + 446 - (-17 + -3 + 3)) + (-1 - 6).
-53
What is (-44 - (-79 + 44)) + 50 + 47?
88
Evaluate -2 + (1 - 6 - (40 + -22 + 6 + 19)).
-50
Calculate (84 - -7) + -97 - 30.
-36
Evaluate 0 + -1 + 14 + -7 - 6.
0
Calculate 9 + -3 + -11 + (-11 - 12).
-28
What is -55 + (12 - 5) + -1 + 1 + 5?
-43
Evaluate 22 + -31 + 4 + 18 + (-40 - 1).
-28
What is 10 - (-23 + 16 + -30 + 15)?
32
What is -2 + (11 - (-42 + 19))?
32
9378 + -9396 + 4 + -2 + 46
30
What is 6 - (6 + -5) - (2 + 2) - (1803 + -1891)?
89
What is the value of 19 - (165 + -148 + 4 + 4 + 52)?
-58
(399 - 330) + (1 - -11)
81
Calculate 3 + (-73 + 10 - 10) - -8 - -3.
-59
Evaluate -4 + (-5 - -11 - (4 + -5 - -90)).
-87
What is (-80 - -84) + 4 + -1 + -13 + (-103 - -41)?
-68
Calculate -1 + 11 - (-45 + (5 - -11) - -15).
24
Evaluate -3 + 4 - -111 - (1 - -24 - (-858 + 873)).
102
Calculate -149 + 52 + 49 - -18.
-30
What is (-1 + 5 - (39 - (-6 + -19))) + 7?
-53
Calculate 36 + (55 - 89) - (28 + -2).
-24
Evaluate (-18 + -2 + -8 - 18) + (30 - 13).
-29
Evaluate 12 + (-47 - (-10 - (-13 + 4))).
-34
What is 88 + 27 + -123 + (1 - 39)?
-46
What is the value of 12 - (-28 - -29 - 19 - 8)?
38
Evaluate (6 - (12 + -27)) + -2 + -29.
-10
What is the value of (5 - (-1 + 13 + 0)) + 65?
58
Calculate 30 - (45 + -54 + 20).
19
(-7 - -140) + (596 - 673)
56
What is 6 - ((0 - 13) + -50 + 54)?
15
What is the value of (-32 - -37) + -15 - -64?
54
Calculate -1 + -2 - 0 - (16537 + -16510).
-30
Evaluate -10 - -10 - (-5 - 1 - (24 + (-12 - 5))).
13
What is the value of 32 + 44 + -55 - (7 + -22)?
36
Evaluate -15 + (-48 - (-1 - 7)).
-55
What is the value of 40 - 37 - 12 - 0?
-9
What is the value of -91 + 2 - (-3 + 121 + -118 + (-2 - -9))?
-96
Evaluate (109 - -5) + 6 + (25 + -38 - -14).
121
Calculate (-6 - (4 - 6)) + 2009 + -2023.
-18
What is the value of 33 + (-9 - (-37 - -54 - -18))?
-11
(18 - (-3 - -1)) + 129 + -105 + 13
57
Calculate 5 + 27 + (51 - 60).
23
What is (-1 - -18) + -10 + 7 + -3 + 1?
12
What is 30 + -35 + 411 + -342?
64
What is (-571 - -591) + (-23 - 1)?
-4
What is the value of (87 - 1) + 1 + (-300 - -361) + -47?
101
Evaluate (-14 - (4 + -27)) + -48 + 0 + (12 - 6).
-33
Evaluate 36 + (-124 - 48) + 32 + 0 + 3.
-101
Calculate 2 + (-26 + 32 - (5 - (8 - 9) - 9)).
11
What is the value of -21 + 39 + 52 + -11 + -18?
41
Calculate 8 - (-17 + (-4 - -3) + 10).
16
Calculate 23 + (-27 - -71) + (28 - 33) + -5 + 0.
57
-103 - 16 - (-41 + 12 + 3)
-93
Evaluate 15 - (-39 + 67 + -30).
17
Evaluate -7 - (-81 + 5 + (42 - 5)).
